w**2 + 23*w + 42. What are the prime factors of z(6)?
2, 3, 263
Let h be (-4)/3*5*288/(-40). Suppose 11*w = h*w - 19499. What are the prime factors of w?
17, 31
Let r(i) = -i**3 - 5*i**2 + 6*i + 6. Suppose 0 = -5*t - 25, 3*t = -4*u - 2*t - 45. Let x be r(u). List the prime factors of x/42 - 176/(-14).
2, 3
Let j be (-9)/15 - (-6168)/30. Suppose 5*o + j = 5*a, -2*a + 147 = -4*o + 55. What are the prime factors of a?
2, 3
Let h(c) be the second derivative of 11*c**3/2 - 101*c**2/2 - 33*c + 2. What are the prime factors of h(4)?
31
Suppose -5*z + 297397 = 51*q - 52*q, 5*z + q - 297413 = 0. List the prime factors of z.
3, 2203
Suppose -20 = 5*b + 25. Let s(t) = 9*t**2 - 4*t - 35. Let z(a) = -3*a**2 + 1. Let n(v) = s(v) + 2*z(v). List the prime factors of n(b).
2, 3, 41
Suppose -17696 = -g - 2*r, 53*g = 51*g - 2*r + 35384. What are the prime factors of g?
2, 3, 11, 67
Let s(z) = 7*z**2 - 3*z - 36. List the prime factors of s(-18).
2, 3, 127
Let q be ((-16)/(-6))/(28/(-3) + 10). What are the prime factors of (-14)/(q + (-326)/81)?
3, 7
Let a be 4 + 1 - (-4)/(16/(-1268)). Let c = -209 - a. List the prime factors of c.
103
Let b = -5478 - -10093. What are the prime factors of b?
5, 13, 71
Suppose -v = 5*b - 383, b - 3*b + 3*v + 143 = 0. Suppose 4*d - b = -0*d. Let m = 90 + d. What are the prime factors of m?
109
Suppose 0 = -0*h + 2*h + 4*n - 396, h + 5*n = 183. List the prime factors of (-10 + (-140)/8)*h/(-10).
2, 11, 13
Let j(y) = y + 1. Let o(u) = 102*u - 177. Let a(z) = 18*j(z) + o(z). What are the prime factors of a(8)?
3, 89
Suppose -i - i - 8 = -w, -3*w + 4*i = -18. Suppose -w*a - 13 = 75. Let f = 116 + a. List the prime factors of f.
2, 3
Let t(r) = -r. Suppose -2*s - 5*j + 0 = -4, -3*s + 5*j - 19 = 0. Let i be t(s). Suppose -3*k - 536 = -4*f - k, -f + 139 = -i*k. List the prime factors of f.
7, 19
Let w be (3/(-12))/((-4)/48). Suppose 111 - 21 = w*x. Suppose -2*r + m + x = -r, -2*m + 90 = 4*r. What are the prime factors of r?
5
Let o(w) = 11*w**2 - 6*w + 9. Let b be o(3). Let n(p) = p**3 + 10*p**2 - 14*p + 8. Let t be n(-11). Let f = b - t. What are the prime factors of f?
7
Suppose -2*h + 161 = -9*h. Let n = h - -25. Suppose -230 = -n*x + q, -3*q + 460 = 4*x - 0*x. List the prime factors of x.
5, 23
Suppose 0 = -5*g + 15, -4*x + 2*g + 22 = 20. Suppose -2*k + 0*b - 2*b = -2040, -b = x*k - 2038. List the prime factors of k.
2, 509
Let z(f) = 28*f + 214. Let i(c) = 11*c**2 - 8*c + 19. Let v be i(2). What are the prime factors of z(v)?
2, 3, 5, 17
Let k be 4/(60/(-5)) + (-777)/(-9). Let d be 12/54 - (-122)/18. Suppose -r = -k - d. What are the prime factors of r?
3, 31
Let r(i) = 1457*i + 1310. List the prime factors of r(5).
3, 5, 191
Suppose -3*t = -g - 19213, -5*t + 19220 = -2*t - 2*g. What are the prime factors of t?
2, 3, 11, 97
Let o be 7/((-28)/80) + -1. Let w = -65 - o. Let j = 0 - w. What are the prime factors of j?
2, 11
List the prime factors of 0 + 15 - 10 - -2966.
2971
List the prime factors of (-37)/22 + (-32)/(-176) + 62877/2.
3, 7, 499
Let q be ((-82)/(-1))/(-1)*(-18)/36. Let p(u) = q + 20*u - u**2 + 21*u - 40*u. List the prime factors of p(0).
41
List the prime factors of (24/(-9))/(6/(-14) + (-189341)/(-442743)).
2, 727
Let z(j) = -21*j**3 - 4*j**2 + 7*j + 3. Suppose 16 = -5*k - 4. What are the prime factors of z(k)?
5, 251
Let d(b) be the second derivative of b**4/12 - 7*b**3/3 - 49*b**2/2 - 51*b. List the prime factors of d(-12).
263
Suppose 4*n - 3*m = -1247 + 45257, -3*m + 6 = 0. What are the prime factors of n?
2, 3, 7, 131
Suppose 2*z + 7 = k - 0*k, 3*z + 12 = 0. What are the prime factors of (k + (-148)/(-6))*(-408)/(-68)?
2, 71
Suppose 0 = -69*l + 418667 + 391255. What are the prime factors of l?
2, 5869
Let h = 139 - 244. Let a be -5*5/(-150) - h/18. Suppose -v = -3*n - 240, a*n - n = 2*v - 485. What are the prime factors of v?
3, 5, 17
Let r = -21 + 43. Let h be (-62 + 2)/2 - 0/r. Let y = 0 - h. List the prime factors of y.
2, 3, 5
Let x(p) = p**2 + 13*p - 14. Let j be x(-14). Let q be (-8)/(-2) - 2 - j. Suppose 0 = 5*w - q*w + c - 253, 3*c = 12. What are the prime factors of w?
83
Let j = 18068 + -9797. List the prime factors of j.
3, 919
Let z be (372/24)/(0 + (-2)/(-4)). Suppose 0 = -32*u + z*u + 67. Suppose 1 = 4*n - u. List the prime factors of n.
17
Let s(k) = 11*k - 3. Let d be 10 + 20/(-8)*2. List the prime factors of s(d).
2, 13
Suppose -64 + 16 = -16*y. Suppose -5*x + 0*x + 453 = t, 1308 = y*t - 2*x. What are the prime factors of t?
2, 3, 73
Let w(o) be the second derivative of 5*o**4/12 + o**3/2 + 25*o**2 - 9*o + 4. List the prime factors of w(8).
2, 197
Suppose 0 = -u - 31*u + 5*u + 329913. List the prime factors of u.
3, 4073
Suppose -732*d + 778*d - 730158 = 0. What are the prime factors of d?
3, 11, 13, 37
Let n(i) = 236*i + 70. Let g be n(5). Let z = g - 697. What are the prime factors of z?
7, 79
Suppose -13*v - 4537 = 3445. Let c = v - -925. List the prime factors of c.
311
Suppose 3*k = -j + 11470, 92*k - 45846 = -4*j + 97*k. What are the prime factors of j?
2, 1433
Let x = 306 + -302. Let g = 425 + -136. Suppose x*a = 3*d - g - 138, 4*a = -d + 169. What are the prime factors of d?
149
Suppose -5*o = -5*j + j + 2238, -2*j - 2256 = 5*o. Let y = 684 + o. What are the prime factors of y?
2, 3, 13
Let i(q) = 206*q - 15. Let d be i(10). Suppose 0 = 5*p - 3*w + 6*w - d, -p = -2*w - 396. What are the prime factors of p?
2, 7, 29
Let a be (-2)/2 + 3*-1. Let z(f) be the third derivative of f**5/20 - f**4/24 + 5*f**3/6 + 1224*f**2. What are the prime factors of z(a)?
3, 19
Let g = -2466 - -881. Let s = 2538 + g. List the prime factors of s.
953
Suppose 5*z = -3*a + 719, -344 = -2*z - 5*a - 64. Suppose 0 = -3*i + 5*l - z + 524, -5*l = i - 93. What are the prime factors of i?
2, 59
Let y = 139 - 120. Let m(g) = g**3 - 15*g**2 - 65*g - 19. List the prime factors of m(y).
2, 5, 19
Let b be -2*(8/(-12))/(2/3). Suppose -5*k + 2 = -3*h - 0, -4*h + b*k = 26. Let v = h + 34. What are the prime factors of v?
5
Let x(m) = -2*m**2 - 11*m - 19. Let s(d) = d**2 + 6*d + 10. Let c(y) = 7*s(y) + 4*x(y). Let t be c(7). Let g = t + 125. What are the prime factors of g?
2, 7
Let v = -133 - -148. Suppose v*g - 169 - 3341 = 0. List the prime factors of g.
2, 3, 13
Let w(k) = 3*k**2 - 65*k - 1474. List the prime factors of w(-20).
2, 3, 19
Let m = -4 - -8. Suppose m*y - 4*h = -7*h + 240, 5*y = -h + 289. List the prime factors of y.
3, 19
Let l be 3/1*(-26)/(-26). Suppose -114 = -l*h + 5*t - t, -3*t - 114 = -3*h. List the prime factors of h.
2, 19
Suppose 0 = -2*p - 4*c + 5008, -3*c - 73 = -2*p + 4949. Suppose p = -13*h + 17*h. What are the prime factors of h?
3, 11, 19
Let w = -10561 - -10601. Let t be (-26)/((-2)/(-4)*2). Let x = w - t. List the prime factors of x.
2, 3, 11
Let i(b) = -77*b - 1. Let r be i(-1). Let o = 7 - 5. Suppose -3*d - r = -4*d + 4*k, -5*d + 416 = -o*k. List the prime factors of d.
2, 3, 7
Suppose -2*r = 396 - 362. Let t(k) = -45*k + 37. What are the prime factors of t(r)?
2, 401
Suppose -400 = 2*v + 2*m - 4366, -3*m = -3*v + 5931. Suppose 11*o - 99 = v. What are the prime factors of o?
3, 7
What are the prime factors of ((-26852)/84 - 4/1)*-3?
971
Let b be 16 + (-8)/(-12)*3. Suppose b + 6 = 8*g. Suppose -232 = -g*p + 47. List the prime factors of p.
3, 31
Let j = 211 - -841. List the prime factors of j.
2, 263
Suppose 10 + 4 = -7*g. Let n be 1/g*8 + 41. Suppose 131 + n = 4*b. What are the prime factors of b?
2, 3, 7
Suppose 6*c = 10*c - 2*v, 0 = -3*c - 4*v. Suppose -3*a = -2*j + 2353, 3*j = -c*a - 2*a + 3549. What are the prime factors of j?
1181
Suppose -4*u + 3*x + 8797 = 0, 29*u - x = 30*u - 2201. What are the prime factors of u?
2, 5, 11
Suppose -180503 + 498270 = -13*b + 60*b. List the prime factors of b.
6761
Suppose -96855 = -26*g - 27180 + 64381. List the prime factors of g.
2, 1289
Suppose -2*k - 344 = -5*b, b - 7*k + 12*k = 85. Let f be (56/b)/((-4)/10). What are the prime factors of (-1 + 3)*(f - (-85)/2)?
3
Suppose -6*r + 11 = -5*r - l, -5*r = 5*l - 95. Let d(s) = 21*s - r*s - 13 - 22*s. List the prime factors of d(-9).
131
Suppose -5*z + 4*k + 1760 = 0, 12*z + 4*k = 11*z + 376. Suppose -z*v = -345*v - 1595. List the prime factors of v.
5, 29
Let c = 169357 - 101930. List the prime factors 